7374*q - 66. Determine n(13).
12
Let k(d) = d**2 - 247*d - 264048. Give k(652).
12
Let t(w) = -3844*w + 65342. Determine t(17).
-6
Let r(o) = -9*o**3 + 36*o**2 - 36*o + 113. Give r(4).
-31
Let b(x) = -2*x**3 + 3*x**2 - 2130*x + 8596. What is b(4)?
-4
Let b(x) = -x**2 + 154*x - 2352. What is b(17)?
-23
Let g(m) = 3267*m + 101549. Give g(-31).
272
Let d(c) = c**2 - 15833*c - 301185. Calculate d(-19).
3
Let w(k) = -8831*k - 44179. Calculate w(-5).
-24
Let j(u) = -u**2 + 33*u + 840. Give j(-27).
-780
Let n(o) = 5738014*o + 40166098. Calculate n(-7).
0
Let h(b) = -18*b**2 + 851*b - 2854. What is h(44)?
-258
Let i(l) = 3*l**3 - 30*l**2 + 193*l - 119. Determine i(14).
4935
Let u(r) = r**2 - 884*r + 28405. Calculate u(32).
1141
Let m(j) = -19*j + 301. Determine m(2).
263
Let a(j) = 428*j - 19931. Calculate a(46).
-243
Let s(m) = -m**3 - 275*m**2 + 300*m + 6690. Calculate s(-276).
66
Let g(j) = 523*j + 2212. Give g(-7).
-1449
Let z(j) = 5*j**2 - 1335*j + 15304. What is z(255)?
4
Let c(b) = b**3 - 81*b**2 - 617*b + 85. Give c(88).
-3
Let p(w) = -3288*w - 39582. Determine p(-12).
-126
Let j(k) = 2*k**2 + 20875*k + 104340. Calculate j(-5).
15
Let u(h) = 95*h**2 - 712*h + 332. What is u(7)?
3
Let v(x) = -748*x - 16555. What is v(-22)?
-99
Let i(j) = -948*j + 2084. Determine i(2).
188
Let s(z) = -12*z**3 + 263*z**2 + 29*z - 82. Calculate s(22).
72
Let i(d) = -27*d**2 - 244*d - 29. Determine i(-7).
356
Let j(x) = -18454*x - 73830. Determine j(-4).
-14
Let g(w) = 6*w**2 + 119*w - 129. Calculate g(1).
-4
Let g(v) = -577*v - 131517. Determine g(-228).
39
Let i(g) = -4*g**2 - 6418*g + 44975. Calculate i(7).
-147
Let u(g) = -290532*g + 1743168. Give u(6).
-24
Let w(v) = -44*v**2 + 26454*v - 58715. What is w(599)?
-13
Let d(l) = 1498*l**2 + 1056*l - 1056. Give d(1).
1498
Let g(z) = 2*z**3 - 237*z**2 - 118*z - 297. What is g(119)?
-178
Let o(d) = 2*d**3 - 2*d**2 + 2635*d - 16173. What is o(6)?
-3
Let g(h) = h**2 - 2118*h + 709311. Give g(417).
-6
Let k(y) = 13*y**2 - 401*y - 1758. Calculate k(-4).
54
Let b(x) = x**3 - 12*x**2 - 2967*x + 41145. Determine b(14).
-1
Let l(h) = h**2 + 4737*h + 178494. Determine l(-38).
-68
Let i(u) = 32*u**2 - 9*u + 50. Determine i(3).
311
Let m(b) = -3*b**2 + 354833*b - 4257564. Determine m(12).
0
Let x(n) = 35*n**3 + 705*n**2 + 109*n + 168. Determine x(-20).
-12
Let u(h) = 10448*h - 1023900. Give u(98).
4
Let h(j) = -251*j + 11050. Determine h(50).
-1500
Let w(u) = -1076156*u + 10761570. Determine w(10).
10
Let n(k) = k**3 + 3*k**2 - 159*k - 33. Calculate n(-12).
579
Let v(s) = 2*s**3 - 113*s**2 - 73*s - 5904. What is v(58)?
-46
Let h(l) = 35*l + 476. Calculate h(27).
1421
Let p(v) = v**3 + 15*v**2 + 644*v + 3. Give p(0).
3
Let u(i) = -13*i**2 + 145564*i - 582055. Calculate u(4).
-7
Let v(u) = -27*u**2 - 1636*u + 5888. What is v(-64)?
0
Let k(q) = q**2 + 303636*q + 3036291. What is k(-10)?
31
Let o(z) = 7*z**2 + 1073*z + 3211. Determine o(-3).
55
Let z(p) = 149*p + 3359. Give z(-23).
-68
Let r(t) = t**3 + 48*t**2 - 70*t + 4216. Calculate r(-51).
-17
Let f(n) = -298*n**3 - 143*n**2 + 149*n - 2. Give f(1).
-294
Let o(f) = 48*f**2 + 280*f - 455. Calculate o(-7).
-63
Let v(x) = -146314*x + 10827231. Determine v(74).
-5
Let g(a) = -4*a**2 - 8100*a + 65042. What is g(8)?
-14
Let i(m) = -111851*m + 6934755. What is i(62)?
-7
Let c(t) = t**3 - 535*t**2 + 9802*t + 46. Calculate c(19).
8
Let r(m) = m**2 - 1015*m - 23854. Give r(-23).
20
Let u(c) = -2*c**3 - 384*c**2 - 2230*c + 199. Calculate u(-186).
-173
Let n(g) = 32*g**2 - 50525*g - 457323. What is n(-9)?
-6
Let u(q) = -q**3 + 119*q**2 + 913*q + 13074. Calculate u(127).
-7
Let m(l) = 230*l + 1584. What is m(-8)?
-256
Let r(j) = -j**2 - 3519*j + 474370. Determine r(130).
0
Let g(j) = -802*j - 11874. What is g(-15)?
156
Let b(y) = 326*y**2 - 915*y - 10. What is b(3)?
179
Let s(c) = c**3 - 381*c**2 - 1205*c + 20340. Calculate s(384).
-12
Let n(k) = -114*k**2 + 645*k - 337. What is n(5)?
38
Let p(z) = 2299*z + 89586. Calculate p(-39).
-75
Let d(u) = -u**3 + 187*u**2 - 4531*u + 12496. Calculate d(159).
-65
Let r(b) = -703*b + 100524. What is r(143)?
-5
Let g(r) = -2*r**3 + 230*r**2 + 1707*r + 97. What is g(122)?
-25
Let s(p) = -p**3 + 169*p**2 + 244*p - 12482. What is s(170)?
98
Let y(k) = -332*k - 20149. Calculate y(-61).
103
Let f(k) = -2*k**3 + 30*k**2 - 192*k + 2644. Give f(15).
-236
Let a(j) = 2*j**2 - 448*j + 19703. Calculate a(166).
447
Let y(i) = i**2 + 2434*i + 100367. Determine y(-42).
-97
Let j(q) = -q**2 + 4443*q + 206825. What is j(-46)?
331
Let a(m) = -m**3 - 548*m + 3503. Give a(6).
-1
Let t(p) = 25*p**2 - 4288*p - 31142. Calculate t(-7).
99
Let y(l) = 2*l**2 + 1627*l + 89028. What is y(-59)?
-3
Let n(b) = 6862*b + 583266. Give n(-85).
-4
Let l(h) = 59563*h - 476552. What is l(8)?
-48
Let b(n) = 11*n**3 + 168*n**2 - n - 13. Calculate b(-15).
677
Let l(u) = 7635*u + 30485. What is l(-4)?
-55
Let u(k) = 97071*k - 5630122. Determine u(58).
-4
Let j(f) = -f**3 - 72*f**2 + 19863*f - 28580. Determine j(-182).
-6
Let t(g) = 3*g**2 + 957*g + 74060. Give t(-132).
8
Let m(w) = 15*w**2 + 1335*w - 334. What is m(-89)?
-334
Let j(l) = -4314*l - 310778. Give j(-72).
-170
Let j(w) = -3*w**3 - 128*w**2 + 1106*w + 49991. What is j(-42)?
11
Let w(y) = 1924*y + 1269. Determine w(-1).
-655
Let n(f) = -358*f**2 + 218392*f - 7421. Determine n(610).
-101
Let m(s) = s**3 + 250*s**2 - 11942*s + 59. Determine m(41).
-392
Let p(x) = x**2 + 49670*x + 1439600. What is p(-29)?
11
Let q(f) = -52*f**2 + 3530*f + 465. Determine q(68).
57
Let k(v) = 15*v**3 - 92*v**2 - 78*v + 565. What is k(6)?
25
Let y(f) = -8*f**2 - 8605*f - 25792. What is y(-3)?
-49
Let z(k) = 696*k**2 - 1885*k + 43. What is z(2)?
-943
Let c(k) = -2*k**3 + 64*k**2 + 128*k - 101. Determine c(31).
5789
Let w(b) = 11*b**3 + 548*b**2 - 120*b + 22. Give w(-50).
1022
Let o(a) = a**3 + 6*a**2 + 1452*a - 20018. Determine o(12).
-2
Let g(t) = 14*t**2 - 1317*t + 178. Determine g(94).
84
Let n(z) = z**2 - 55*z + 1133. Determine n(58).
1307
Let d(s) = 2*s**3 + 176*s**2 + 322*s - 1910. Calculate d(-86).
-18
Let g(d) = -12*d**3 + 674*d**2 - 749*d + 35702. Calculate g(56).
30
Let h(c) = -364619*c - 2187715. Determine h(-6).
-1
Let w(q) = 5*q**3 + 555*q**2 + 7195*q - 413. Calculate w(-96).
67
Let w(h) = -4*h**3 + 53*h**2 + 39*h + 34. What is w(14)?
-8
Let v(p) = p**3 - 213*p**2 + 814*p + 4641. Determine v(209).
43
Let d(v) = -88041*v + 88050. Give d(1).
9
Let u(p) = -52*p**3 - 172*p**2 - 12*p - 35. Calculate u(-3).
-143
Let a(k) = 6*k**2 + 309*k + 2783. Give a(-9).
488
Let o(m) = -148*m - 51065. Give o(-343).
-301
Let x(n) = -17*n**2 - 60*n - 4. What is x(0)?
-4
Let z(x) = -x**3 + 27*x**2 + 1074*x - 3601. Calculate z(-24).
-1
Let z(g) = 2748*g - 502. Calculate z(0).
-502
Let w(q) = 7524*q + 910412. Calculate w(-121).
8
Let s(j) = -341*j**3 - 5*j**2 - 252*j - 482. Calculate s(-2).
2730
Let j(g) = 15*g**2 + 303*g + 1643. What is j(-13)?
239
Let s(v) = v**3 - 4*v**2 - 460*v - 1849. Determine s(-17).
-98
Let u(w) = w**3 - 75*w**2 + 7805*w - 30083. What is u(4)?
1
Let f(w) = -2599*w - 563991. Determine f(-217).
-8
Let z(t) = 2*t**2 + 210*t - 4702. Determine z(19).
10
Let y(i) = i**2 + 32*i - 75350. Give y(259).
19
Let i(d) = -123647*d + 2102028. Calculate i(17).
29
Let j(m) = -11000*m - 22295. What is j(-2)?
-295
Let g(q) = q**2 - 61*q + 2028. Determine g(29).
1100
Let w(r) = -503*r - 1013. What is w(-2)?
-7
Let z(m) = 2*m**2 - 843*m - 49268. What is z(-52)?
-24
Let l(n) = 5383*n + 46103. What is l(-9)?
-2344
Let h(b) = b**2 + 10014*b + 2412443. Calculate h(-247).
-6
Let b(s) = s**3 + 93*s**2 + 163*s - 1442. Calculate b(-91).
287
Let q(v) = -4*v**3 - 2*v**2 + 23*v + 21. Give q(-2).
-1
Let i(f) = -248*f**2 - 7445*f - 111. Determine i(-30).
39
Let r(y) = -957*y + 15792. What is r(19)?
-2391
Let u(f) = -7700*f - 60901. Determine u(-8).
699
Let h(i) = -3*i**2 + 118*i + 848. Determine h(-10).
-632
Let d(i) = -4*i**2 - 48209*i - 96404. Give d(-2).
-2
Let z(g) = -237411*g + 1187029. Determine z(5).
-26
Let u(b) = b**3 + 789*b**2 + 2237*b + 521915. Give u(-787).
134
Let c(g) = -66254*g + 66248. What is c(1)?
-6
Let x(c) = 690*c + 322957. Calculate x(-468).
37
Let a(h) = 575*h + 62218. What is a(-108)?
118
Let m(u) = -1055*u - 19954. Determine m(-19).
91
Let q(f) = 2*f